is the greatest common factor of 5950 and 3430?
70
Calculate the highest common factor of 2660 and 33460.
140
What is the highest common factor of 4393536 and 168?
168
Calculate the highest common divisor of 799000 and 136.
136
Calculate the highest common divisor of 463389 and 1245.
249
Calculate the greatest common divisor of 346941 and 189.
63
Calculate the highest common factor of 50052 and 4850.
194
Calculate the highest common divisor of 1412734 and 6290.
1258
Calculate the greatest common factor of 116 and 620.
4
Calculate the greatest common factor of 5528 and 248.
8
Calculate the greatest common divisor of 93593 and 38411.
541
What is the greatest common divisor of 1 and 194598?
1
What is the highest common factor of 23897 and 61301?
1039
Calculate the highest common divisor of 1924790 and 35.
35
What is the greatest common divisor of 381557 and 33?
11
Calculate the greatest common factor of 318 and 409743.
159
Calculate the greatest common divisor of 5330220 and 588.
588
Calculate the highest common divisor of 266 and 8132.
38
Calculate the highest common factor of 4800 and 132.
12
Calculate the greatest common factor of 131540 and 140.
20
What is the highest common divisor of 31168 and 704?
64
Calculate the highest common divisor of 2304 and 5888.
256
What is the greatest common divisor of 5448 and 168?
24
What is the highest common divisor of 3509 and 1189?
29
Calculate the greatest common divisor of 400530 and 5925.
1185
What is the highest common divisor of 422 and 8199038?
422
Calculate the highest common divisor of 36 and 53901.
9
What is the greatest common divisor of 13 and 1654861?
13
Calculate the greatest common factor of 222 and 596292.
222
Calculate the highest common factor of 8388 and 279.
9
Calculate the highest common factor of 570 and 33720.
30
What is the greatest common factor of 264 and 12252?
12
What is the highest common divisor of 645085 and 245?
245
Calculate the highest common factor of 44121 and 847.
77
Calculate the highest common divisor of 326656 and 27136.
512
What is the greatest common factor of 47152 and 6804?
28
Calculate the highest common divisor of 83 and 3176825.
83
Calculate the greatest common divisor of 8032 and 336.
16
Calculate the greatest common factor of 117507 and 2751.
393
Calculate the highest common divisor of 8057880 and 1620.
1620
Calculate the greatest common factor of 5660 and 462988.
1132
What is the highest common divisor of 551106 and 153?
153
What is the greatest common divisor of 37647 and 11481?
267
What is the greatest common divisor of 46 and 90551?
23
Calculate the greatest common divisor of 16 and 855816.
8
What is the greatest common divisor of 1808 and 3729?
113
What is the highest common divisor of 7884 and 876?
876
What is the greatest common factor of 236602 and 562?
562
Calculate the greatest common factor of 132 and 836.
44
Calculate the greatest common divisor of 2125 and 389300.
425
Calculate the greatest common divisor of 182040 and 666.
222
Calculate the highest common factor of 27248978 and 1894.
1894
What is the greatest common divisor of 209 and 84854?
209
What is the highest common factor of 1722 and 1762590?
246
Calculate the greatest common divisor of 175 and 117607.
7
Calculate the highest common divisor of 60460 and 20.
20
What is the highest common factor of 58374 and 9?
9
What is the highest common divisor of 1088 and 3687232?
1088
Calculate the highest common divisor of 60 and 496320.
60
Calculate the highest common divisor of 78 and 10855.
13
Calculate the highest common factor of 280 and 7630.
70
What is the greatest common divisor of 3462 and 18?
6
What is the highest common divisor of 219555 and 17955?
315
What is the highest common divisor of 3010 and 938045?
215
What is the highest common factor of 5373030 and 115?
115
Calculate the highest common factor of 881693 and 22864.
1429
What is the highest common divisor of 584640 and 21240?
360
Calculate the greatest common divisor of 45360 and 15190.
70
Calculate the highest common factor of 299 and 39468.
299
Calculate the highest common factor of 297 and 5830803.
99
Calculate the highest common factor of 245245 and 539.
539
What is the highest common divisor of 307908 and 324?
108
Calculate the greatest common divisor of 1020 and 25908.
204
What is the greatest common divisor of 9 and 2250567?
9
Calculate the greatest common factor of 51 and 96186.
51
Calculate the greatest common factor of 32 and 161808.
16
What is the highest common factor of 208 and 22633?
13
What is the highest common factor of 381980 and 14?
2
Calculate the greatest common divisor of 5895 and 2130.
15
What is the highest common factor of 43 and 1725289?
43
What is the greatest common divisor of 3440 and 3920?
80
What is the highest common factor of 16496 and 528?
16
What is the highest common factor of 110390 and 7138?
166
Calculate the greatest common factor of 250 and 70.
10
What is the greatest common factor of 862841 and 49?
49
Calculate the highest common divisor of 35735 and 140.
35
Calculate the highest common divisor of 233 and 8237249.
233
Calculate the greatest common factor of 54 and 2137536.
54
Calculate the highest common factor of 15978 and 7074.
6
Calculate the highest common divisor of 1343 and 172536.
79
Calculate the greatest common divisor of 16 and 15128752.
16
Calculate the highest common factor of 2160 and 1008.
144
What is the highest common divisor of 175223 and 47323?
1279
Calculate the greatest common divisor of 82 and 32308.
82
Calculate the highest common factor of 32 and 42267.
1
What is the highest common divisor of 4382 and 2817?
313
Calculate the greatest common factor of 1676 and 62.
2
Calculate the highest common factor of 352 and 9493.
11
Calculate the highest common divisor of 851 and 629.
37
What is the greatest common factor of 5575 and 10927?
223
Calculate the greatest common divisor of 6880 and 3526.
86
Calculate the greatest common factor of 8329374 and 954.
954
What is the greatest common factor of 63492 and 528?
132
What is the highest common factor of 6214 and 1898?
26
Calculate the highest common factor of 139213 and 1292.
323
Calculate the highest common divisor of 1722 and 16968.
42
What is the greatest common factor of 60993 and 6?
3
What is the greatest common divisor of 385 and 37884?
77
Calculate the greatest common divisor of 167350 and 75.
25
Calculate the highest common divisor of 198954 and 126.
126
What is the highest common factor of 480 and 80520?
120
What is the greatest common factor of 16906 and 6794?
158
Calculate the greatest common divisor of 486108 and 648.
108
Calculate the greatest common divisor of 73515 and 5408.
169
What is the greatest common factor of 21672 and 192726?
774
What is the highest common divisor of 40 and 9208?
8
Calculate the greatest common factor of 61842 and 5016.
66
What is the greatest common divisor of 37664 and 1111?
11
What is the highest common divisor of 23829 and 7473?
141
What is the highest common factor of 33 and 17571?
3
Calculate the highest common factor of 26715 and 198924.
411
What is the greatest common divisor of 11924 and 534683?
271
Calculate the greatest common factor of 6447 and 21.
21
What is the highest common factor of 125 and 15040?
5
What is the greatest common factor of 1020 and 442?
34
Calculate the greatest common factor of 3375 and 1305.
45
What is the highest common divisor of 100 and 279100?
100
What is the highest common factor of 854 and 1946?
14
Calculate the highest common divisor of 5742 and 36234.
198
Calculate the greatest common divisor of 53059 and 1164.
97
Calculate the highest common factor of 20 and 12238940.
20
Calculate the highest common divisor of 320925 and 143.
11
What is the highest common divisor of 1071261 and 333?
333
What is the greatest common factor of 55 and 11098505?
55
Calculate the greatest common divisor of 9653 and 637.
49
Calculate the greatest common factor of 194 and 172078.
194
Calculate the highest common factor of 30 and 5976675.
15
Calculate the highest common factor of 4 and 7604.
4
What is the highest common factor of 9676 and 5248?
164
Calculate the greatest common divisor of 160 and 11620.
20
What is the greatest common divisor of 11908 and 326096?
916
What i